{"id":328,"date":"2020-09-16T16:09:08","date_gmt":"2020-09-16T19:09:08","guid":{"rendered":"https:\/\/museoguiraldes.areco.gob.ar:5478\/wordpress\/?page_id=328"},"modified":"2024-02-27T11:12:10","modified_gmt":"2024-02-27T14:12:10","slug":"archivo-fotografico","status":"publish","type":"page","link":"https:\/\/museoguiraldes.areco.gob.ar\/index.php\/archivo-fotografico\/","title":{"rendered":"Archivo fotografico"},"content":{"rendered":"\t\t<div data-elementor-type=\"wp-page\" data-elementor-id=\"328\" class=\"elementor elementor-328\">\n\t\t\t\t\t\t<section class=\"elementor-section elementor-top-section elementor-element elementor-element-5dd0577 elementor-section-boxed elementor-section-height-default elementor-section-height-default\" data-id=\"5dd0577\" data-element_type=\"section\" data-e-type=\"section\">\n\t\t\t\t\t\t<div class=\"elementor-container elementor-column-gap-default\">\n\t\t\t\t\t<div class=\"elementor-column elementor-col-100 elementor-top-column elementor-element elementor-element-e556309\" data-id=\"e556309\" data-element_type=\"column\" data-e-type=\"column\">\n\t\t\t<div class=\"elementor-widget-wrap elementor-element-populated\">\n\t\t\t\t\t\t<div class=\"elementor-element elementor-element-6eb5185 elementor-widget elementor-widget-image\" data-id=\"6eb5185\" data-element_type=\"widget\" data-e-type=\"widget\" data-widget_type=\"image.default\">\n\t\t\t\t<div class=\"elementor-widget-container\">\n\t\t\t\t\t\t\t\t\t\t\t\t<figure class=\"wp-caption\">\n\t\t\t\t\t\t\t\t\t\t<img fetchpriority=\"high\" decoding=\"async\" width=\"768\" height=\"512\" src=\"https:\/\/museoguiraldes.areco.gob.ar\/wp-content\/uploads\/2024\/02\/4-1-768x512.jpg\" class=\"attachment-medium_large size-medium_large wp-image-744\" alt=\"\" srcset=\"https:\/\/museoguiraldes.areco.gob.ar\/wp-content\/uploads\/2024\/02\/4-1-768x512.jpg 768w, https:\/\/museoguiraldes.areco.gob.ar\/wp-content\/uploads\/2024\/02\/4-1-300x200.jpg 300w, https:\/\/museoguiraldes.areco.gob.ar\/wp-content\/uploads\/2024\/02\/4-1-1024x683.jpg 1024w, https:\/\/museoguiraldes.areco.gob.ar\/wp-content\/uploads\/2024\/02\/4-1-1536x1024.jpg 1536w, https:\/\/museoguiraldes.areco.gob.ar\/wp-content\/uploads\/2024\/02\/4-1-2048x1365.jpg 2048w\" sizes=\"(max-width: 768px) 100vw, 768px\" \/>\t\t\t\t\t\t\t\t\t\t\t<figcaption class=\"widget-image-caption wp-caption-text\">\u00a1Feliz cumplea\u00f1os Ricardo G\u00fciraldes! Y con un gran paseo de paisanos por las calles del pueblo y un ameno baile de campo en el patio de la Pulper\u00eda La Blanqueada, as\u00ed lo celebramos el pasado s\u00e1bado 17 de febrero. Es que 138 a\u00f1os \u00a1no se cumple todos los d\u00edas! Paisanos, m\u00fasicos, bailarines, vecinos y turistas, nadie quiso faltar al festejo. As\u00ed homenajeamos a nuestro querido escritor. Seguimos transitando pues desde la Municipalidad, el Museo, el Parque Criollo y su Asociaci\u00f3n de Amigos el camino rumbo al centenario de la publicaci\u00f3n de \u201cDon Segundo Sombra\u201d en julio de 2026.<\/figcaption>\n\t\t\t\t\t\t\t\t\t\t<\/figure>\n\t\t\t\t\t\t\t\t\t<\/div>\n\t\t\t\t<\/div>\n\t\t\t\t\t<\/div>\n\t\t<\/div>\n\t\t\t\t\t<\/div>\n\t\t<\/section>\n\t\t\t\t<section class=\"elementor-section elementor-top-section elementor-element elementor-element-14437f2 elementor-section-boxed elementor-section-height-default elementor-section-height-default\" data-id=\"14437f2\" data-element_type=\"section\" data-e-type=\"section\">\n\t\t\t\t\t\t<div class=\"elementor-container elementor-column-gap-default\">\n\t\t\t\t\t<div class=\"elementor-column elementor-col-100 elementor-top-column elementor-element elementor-element-0b47310\" data-id=\"0b47310\" data-element_type=\"column\" data-e-type=\"column\">\n\t\t\t<div class=\"elementor-widget-wrap elementor-element-populated\">\n\t\t\t\t\t\t<div class=\"elementor-element elementor-element-1c5a240 elementor-position-top elementor-widget elementor-widget-image-box\" data-id=\"1c5a240\" data-element_type=\"widget\" data-e-type=\"widget\" data-widget_type=\"image-box.default\">\n\t\t\t\t<div class=\"elementor-widget-container\">\n\t\t\t\t\t<div class=\"elementor-image-box-wrapper\"><figure class=\"elementor-image-box-img\"><img decoding=\"async\" width=\"768\" height=\"1365\" src=\"https:\/\/museoguiraldes.areco.gob.ar\/wp-content\/uploads\/2023\/01\/IMG_20230119_122923609_HDR-768x1365.jpg\" class=\"attachment-medium_large size-medium_large wp-image-686\" alt=\"\" srcset=\"https:\/\/museoguiraldes.areco.gob.ar\/wp-content\/uploads\/2023\/01\/IMG_20230119_122923609_HDR-768x1365.jpg 768w, https:\/\/museoguiraldes.areco.gob.ar\/wp-content\/uploads\/2023\/01\/IMG_20230119_122923609_HDR-169x300.jpg 169w, https:\/\/museoguiraldes.areco.gob.ar\/wp-content\/uploads\/2023\/01\/IMG_20230119_122923609_HDR-576x1024.jpg 576w, https:\/\/museoguiraldes.areco.gob.ar\/wp-content\/uploads\/2023\/01\/IMG_20230119_122923609_HDR-864x1536.jpg 864w, https:\/\/museoguiraldes.areco.gob.ar\/wp-content\/uploads\/2023\/01\/IMG_20230119_122923609_HDR-1153x2048.jpg 1153w, https:\/\/museoguiraldes.areco.gob.ar\/wp-content\/uploads\/2023\/01\/IMG_20230119_122923609_HDR-scaled.jpg 1441w\" sizes=\"(max-width: 768px) 100vw, 768px\" \/><\/figure><div class=\"elementor-image-box-content\"><h3 class=\"elementor-image-box-title\">PARARRAYOS EN EL MUSEO<\/h3><p class=\"elementor-image-box-description\">Luego de 83 a\u00f1os el MGRG cuenta con un sistema de protecci\u00f3n primario y secundario contra descargas atmosf\u00e9ricas. La obra, realizada por la empresa Basigaluppi Hnos S.A y financiada por la Municipalidad de San Antonio de Areco da protecci\u00f3n a todas los sistemas con lo que cuenta el Museo.<\/p><\/div><\/div>\t\t\t\t<\/div>\n\t\t\t\t<\/div>\n\t\t\t\t\t<\/div>\n\t\t<\/div>\n\t\t\t\t\t<\/div>\n\t\t<\/section>\n\t\t\t\t<\/div>\n\t\t","protected":false},"excerpt":{"rendered":"<p>\u00a1Feliz cumplea\u00f1os Ricardo G\u00fciraldes! Y con un gran paseo de paisanos por las calles del pueblo y un ameno baile de campo en el patio de la Pulper\u00eda La Blanqueada, as\u00ed lo celebramos el pasado s\u00e1bado 17 de febrero. Es que 138 a\u00f1os \u00a1no se cumple todos los d\u00edas! Paisanos, m\u00fasicos, bailarines, vecinos y turistas, [&hellip;]<\/p>\n","protected":false},"author":11,"featured_media":0,"parent":0,"menu_order":0,"comment_status":"closed","ping_status":"closed","template":"","meta":{"site-sidebar-layout":"no-sidebar","site-content-layout":"page-builder","ast-site-content-layout":"default","site-content-style":"default","site-sidebar-style":"default","ast-global-header-display":"","ast-banner-title-visibility":"","ast-main-header-display":"","ast-hfb-above-header-display":"","ast-hfb-below-header-display":"","ast-hfb-mobile-header-display":"","site-post-title":"disabled","ast-breadcrumbs-content":"","ast-featured-img":"disabled","footer-sml-layout":"","ast-disable-related-posts":"","theme-transparent-header-meta":"default","adv-header-id-meta":"","stick-header-meta":"","header-above-stick-meta":"","header-main-stick-meta":"","header-below-stick-meta":"","astra-migrate-meta-layouts":"default","ast-page-background-enabled":"default","ast-page-background-meta":{"desktop":{"background-color":"var(--ast-global-color-4)","background-image":"","background-repeat":"repeat","background-position":"center center","background-size":"auto","background-attachment":"scroll","background-type":"","background-media":"","overlay-type":"","overlay-color":"","overlay-opacity":"","overlay-gradient":""},"tablet":{"background-color":"","background-image":"","background-repeat":"repeat","background-position":"center center","background-size":"auto","background-attachment":"scroll","background-type":"","background-media":"","overlay-type":"","overlay-color":"","overlay-opacity":"","overlay-gradient":""},"mobile":{"background-color":"","background-image":"","background-repeat":"repeat","background-position":"center center","background-size":"auto","background-attachment":"scroll","background-type":"","background-media":"","overlay-type":"","overlay-color":"","overlay-opacity":"","overlay-gradient":""}},"ast-content-background-meta":{"desktop":{"background-color":"var(--ast-global-color-5)","background-image":"","background-repeat":"repeat","background-position":"center center","background-size":"auto","background-attachment":"scroll","background-type":"","background-media":"","overlay-type":"","overlay-color":"","overlay-opacity":"","overlay-gradient":""},"tablet":{"background-color":"var(--ast-global-color-5)","background-image":"","background-repeat":"repeat","background-position":"center center","background-size":"auto","background-attachment":"scroll","background-type":"","background-media":"","overlay-type":"","overlay-color":"","overlay-opacity":"","overlay-gradient":""},"mobile":{"background-color":"var(--ast-global-color-5)","background-image":"","background-repeat":"repeat","background-position":"center center","background-size":"auto","background-attachment":"scroll","background-type":"","background-media":"","overlay-type":"","overlay-color":"","overlay-opacity":"","overlay-gradient":""}},"footnotes":""},"class_list":["post-328","page","type-page","status-publish","hentry"],"_links":{"self":[{"href":"https:\/\/museoguiraldes.areco.gob.ar\/index.php\/wp-json\/wp\/v2\/pages\/328","targetHints":{"allow":["GET"]}}],"collection":[{"href":"https:\/\/museoguiraldes.areco.gob.ar\/index.php\/wp-json\/wp\/v2\/pages"}],"about":[{"href":"https:\/\/museoguiraldes.areco.gob.ar\/index.php\/wp-json\/wp\/v2\/types\/page"}],"author":[{"embeddable":true,"href":"https:\/\/museoguiraldes.areco.gob.ar\/index.php\/wp-json\/wp\/v2\/users\/11"}],"replies":[{"embeddable":true,"href":"https:\/\/museoguiraldes.areco.gob.ar\/index.php\/wp-json\/wp\/v2\/comments?post=328"}],"version-history":[{"count":9,"href":"https:\/\/museoguiraldes.areco.gob.ar\/index.php\/wp-json\/wp\/v2\/pages\/328\/revisions"}],"predecessor-version":[{"id":745,"href":"https:\/\/museoguiraldes.areco.gob.ar\/index.php\/wp-json\/wp\/v2\/pages\/328\/revisions\/745"}],"wp:attachment":[{"href":"https:\/\/museoguiraldes.areco.gob.ar\/index.php\/wp-json\/wp\/v2\/media?parent=328"}],"curies":[{"name":"wp","href":"https:\/\/api.w.org\/{rel}","templated":true}]}}

<div data-elementor-type="wp-page" data-elementor-id="328" class="elementor elementor-328">
						<section class="elementor-section elementor-top-section elementor-element elementor-element-5dd0577 elementor-section-boxed elementor-section-height-default elementor-section-height-default" data-id="5dd0577" data-element_type="section" data-e-type="section">
						<div class="elementor-container elementor-column-gap-default">
					<div class="elementor-column elementor-col-100 elementor-top-column elementor-element elementor-element-e556309" data-id="e556309" data-element_type="column" data-e-type="column">
			<div class="elementor-widget-wrap elementor-element-populated">
						<div class="elementor-element elementor-element-6eb5185 elementor-widget elementor-widget-image" data-id="6eb5185" data-element_type="widget" data-e-type="widget" data-widget_type="image.default">
				<div class="elementor-widget-container">
												<figure class="wp-caption">
										<img fetchpriority="high" decoding="async" width="768" height="512" src="https://museoguiraldes.areco.gob.ar/wp-content/uploads/2024/02/4-1-768x512.jpg" class="attachment-medium_large size-medium_large wp-image-744" alt="" srcset="https://museoguiraldes.areco.gob.ar/wp-content/uploads/2024/02/4-1-768x512.jpg 768w, https://museoguiraldes.areco.gob.ar/wp-content/uploads/2024/02/4-1-300x200.jpg 300w, https://museoguiraldes.areco.gob.ar/wp-content/uploads/2024/02/4-1-1024x683.jpg 1024w, https://museoguiraldes.areco.gob.ar/wp-content/uploads/2024/02/4-1-1536x1024.jpg 1536w, https://museoguiraldes.areco.gob.ar/wp-content/uploads/2024/02/4-1-2048x1365.jpg 2048w" sizes="(max-width: 768px) 100vw, 768px" />											<figcaption class="widget-image-caption wp-caption-text">¡Feliz cumpleaños Ricardo Güiraldes! Y con un gran paseo de paisanos por las calles del pueblo y un ameno baile de campo en el patio de la Pulpería La Blanqueada, así lo celebramos el pasado sábado 17 de febrero. Es que 138 años ¡no se cumple todos los días! Paisanos, músicos, bailarines, vecinos y turistas, nadie quiso faltar al festejo. Así homenajeamos a nuestro querido escritor. Seguimos transitando pues desde la Municipalidad, el Museo, el Parque Criollo y su Asociación de Amigos el camino rumbo al centenario de la publicación de “Don Segundo Sombra” en julio de 2026.</figcaption>
										</figure>
									</div>
				</div>
					</div>
		</div>
					</div>
		</section>
				<section class="elementor-section elementor-top-section elementor-element elementor-element-14437f2 elementor-section-boxed elementor-section-height-default elementor-section-height-default" data-id="14437f2" data-element_type="section" data-e-type="section">
						<div class="elementor-container elementor-column-gap-default">
					<div class="elementor-column elementor-col-100 elementor-top-column elementor-element elementor-element-0b47310" data-id="0b47310" data-element_type="column" data-e-type="column">
			<div class="elementor-widget-wrap elementor-element-populated">
						<div class="elementor-element elementor-element-1c5a240 elementor-position-top elementor-widget elementor-widget-image-box" data-id="1c5a240" data-element_type="widget" data-e-type="widget" data-widget_type="image-box.default">
				<div class="elementor-widget-container">
					<div class="elementor-image-box-wrapper"><figure class="elementor-image-box-img"><img decoding="async" width="768" height="1365" src="https://museoguiraldes.areco.gob.ar/wp-content/uploads/2023/01/IMG_20230119_122923609_HDR-768x1365.jpg" class="attachment-medium_large size-medium_large wp-image-686" alt="" srcset="https://museoguiraldes.areco.gob.ar/wp-content/uploads/2023/01/IMG_20230119_122923609_HDR-768x1365.jpg 768w, https://museoguiraldes.areco.gob.ar/wp-content/uploads/2023/01/IMG_20230119_122923609_HDR-169x300.jpg 169w, https://museoguiraldes.areco.gob.ar/wp-content/uploads/2023/01/IMG_20230119_122923609_HDR-576x1024.jpg 576w, https://museoguiraldes.areco.gob.ar/wp-content/uploads/2023/01/IMG_20230119_122923609_HDR-864x1536.jpg 864w, https://museoguiraldes.areco.gob.ar/wp-content/uploads/2023/01/IMG_20230119_122923609_HDR-1153x2048.jpg 1153w, https://museoguiraldes.areco.gob.ar/wp-content/uploads/2023/01/IMG_20230119_122923609_HDR-scaled.jpg 1441w" sizes="(max-width: 768px) 100vw, 768px" /></figure><div class="elementor-image-box-content"><h3 class="elementor-image-box-title">PARARRAYOS EN EL MUSEO</h3><p class="elementor-image-box-description">Luego de 83 años el MGRG cuenta con un sistema de protección primario y secundario contra descargas atmosféricas. La obra, realizada por la empresa Basigaluppi Hnos S.A y financiada por la Municipalidad de San Antonio de Areco da protección a todas los sistemas con lo que cuenta el Museo.</p></div></div>				</div>
				</div>
					</div>
		</div>
					</div>
		</section>
				</div>

<p>¡Feliz cumpleaños Ricardo Güiraldes! Y con un gran paseo de paisanos por las calles del pueblo y un ameno baile de campo en el patio de la Pulpería La Blanqueada, así lo celebramos el pasado sábado 17 de febrero. Es que 138 años ¡no se cumple todos los días! Paisanos, músicos, bailarines, vecinos y turistas, [&hellip;]</p>
