{"id":103,"date":"2020-09-03T18:42:07","date_gmt":"2020-09-03T21:42:07","guid":{"rendered":"https:\/\/museoguiraldes.areco.gob.ar:5478\/wordpress\/?page_id=103"},"modified":"2020-10-15T11:38:18","modified_gmt":"2020-10-15T14:38:18","slug":"monumentos-historicos-de-la-nacion","status":"publish","type":"page","link":"https:\/\/museoguiraldes.areco.gob.ar\/index.php\/monumentos-historicos-de-la-nacion\/","title":{"rendered":"Monumentos hist\u00f3ricos de la Naci\u00f3n"},"content":{"rendered":"\t\t<div data-elementor-type=\"wp-page\" data-elementor-id=\"103\" class=\"elementor elementor-103\">\n\t\t\t\t\t\t<section class=\"elementor-section elementor-top-section elementor-element elementor-element-c79fd6e elementor-section-boxed elementor-section-height-default elementor-section-height-default\" data-id=\"c79fd6e\" data-element_type=\"section\" data-e-type=\"section\">\n\t\t\t\t\t\t<div class=\"elementor-container elementor-column-gap-default\">\n\t\t\t\t\t<div class=\"elementor-column elementor-col-50 elementor-top-column elementor-element elementor-element-8cafa4c\" data-id=\"8cafa4c\" data-element_type=\"column\" data-e-type=\"column\">\n\t\t\t<div class=\"elementor-widget-wrap elementor-element-populated\">\n\t\t\t\t\t\t<div class=\"elementor-element elementor-element-050c542 elementor-widget elementor-widget-text-editor\" data-id=\"050c542\" data-element_type=\"widget\" data-e-type=\"widget\" data-widget_type=\"text-editor.default\">\n\t\t\t\t<div class=\"elementor-widget-container\">\n\t\t\t\t\t\t\t\t\t<p>En el <em>Parque Criollo<\/em> se encuentran dos Monumentos Hist\u00f3ricos de la Naci\u00f3n (MHN), un privilegio que muy pocos lugares tienen en tan reducido espacio. Ellos son:<\/p><ul><li>La pulper\u00eda <em>La Blanqueada<\/em> y El Museo Gauchesco <em>Ricardo G\u00fciraldes<\/em>:De acuerdo al dictamen de la <em>Comisi\u00f3n Nacional de Monumentos, de Lugares y de Bienes Hist\u00f3ricos<\/em>, ambos constituyen testimonio del pasado pampeano y sus protagonistas. Estos emblem\u00e1ticos lugares fueron declaradas MHN por Decreto de Presidencia de la Naci\u00f3n N\u00b0 1305\/99 del d\u00eda 10 de noviembre de 1999, junto a otros cuatro hitos de San Antonio de Areco.<\/li><\/ul><p><a href=\"https:\/\/www.argentina.gob.ar\/normativa\/nacional\/decreto-1305-1999-61022\/texto\">https:\/\/www.argentina.gob.ar\/normativa\/nacional\/decreto-1305-1999-61022\/texto<\/a><\/p><p><strong style=\"font-size: 13px;\">Origen del museo:\u00a0<\/strong><span style=\"font-size: 13px;\">La creaci\u00f3n de museo se apoya en tres hitos puntuales:<\/span><\/p><ul><li>En 1926, Ricardo G\u00fciraldes p\u00fablico su obra cumbre <em>Don Segundo Sombra.<\/em><\/li><li>En octubre de 1927, falleci\u00f3 en Paris y en noviembre llegaron sus restos a San Antonio de Areco siendo su f\u00e9retro acompa\u00f1ado por centenares de paisanos a caballo.<\/li><\/ul>\t\t\t\t\t\t\t\t<\/div>\n\t\t\t\t<\/div>\n\t\t\t\t\t<\/div>\n\t\t<\/div>\n\t\t\t\t<div class=\"elementor-column elementor-col-50 elementor-top-column elementor-element elementor-element-9ed8e7a\" data-id=\"9ed8e7a\" data-element_type=\"column\" data-e-type=\"column\">\n\t\t\t<div class=\"elementor-widget-wrap elementor-element-populated\">\n\t\t\t\t\t\t<div class=\"elementor-element elementor-element-0d26912 elementor-widget elementor-widget-text-editor\" data-id=\"0d26912\" data-element_type=\"widget\" data-e-type=\"widget\" data-widget_type=\"text-editor.default\">\n\t\t\t\t<div class=\"elementor-widget-container\">\n\t\t\t\t\t\t\t\t\t<ul><li>En diciembre de 1936 a instancias del Intendente de Areco, Jos\u00e9 G\u00fciraldes (hermano del escritor) se realiz\u00f3 una exposici\u00f3n de car\u00e1cter tradicional en el edificio de la Municipalidad (hoy Concejo Deliberante). Con entrada gratuita y la organizaci\u00f3n de diferentes actividades se desarroll\u00f3 un evento de amplia concurrencia. El acceso a la muestra de textiles, sogas, plater\u00eda, bronces y mobiliario signific\u00f3 para gran parte del pueblo una experiencia fuera de lo habitual. El anuncio de la creaci\u00f3n de una escuela de telares, potenci\u00f3 la repercusi\u00f3n de la exposici\u00f3n en la sociedad. La visita de numerosos ciudadanos de Buenos Aires, cont\u00f3 con la presencia de destacadas personalidades de la \u00e9poca, quienes no ahorraron elogios por el autor de <em>Don Segundo Sombra<\/em>.<\/li><\/ul><p>La suma de estos elementos dio pie al inicio de gestiones que concluir\u00eda dos a\u00f1os m\u00e1s tarde con la inauguraci\u00f3n del <em>Museo Gauchesco Ricardo G\u00fciraldes <\/em>el 16 de octubre de 1938.<\/p>\t\t\t\t\t\t\t\t<\/div>\n\t\t\t\t<\/div>\n\t\t\t\t\t<\/div>\n\t\t<\/div>\n\t\t\t\t\t<\/div>\n\t\t<\/section>\n\t\t\t\t<\/div>\n\t\t","protected":false},"excerpt":{"rendered":"<p>En el Parque Criollo se encuentran dos Monumentos Hist\u00f3ricos de la Naci\u00f3n (MHN), un privilegio que muy pocos lugares tienen en tan reducido espacio. Ellos son: La pulper\u00eda La Blanqueada y El Museo Gauchesco Ricardo G\u00fciraldes:De acuerdo al dictamen de la Comisi\u00f3n Nacional de Monumentos, de Lugares y de Bienes Hist\u00f3ricos, ambos constituyen testimonio del [&hellip;]<\/p>\n","protected":false},"author":11,"featured_media":0,"parent":0,"menu_order":0,"comment_status":"closed","ping_status":"closed","template":"","meta":{"site-sidebar-layout":"no-sidebar","site-content-layout":"page-builder","ast-site-content-layout":"default","site-content-style":"default","site-sidebar-style":"default","ast-global-header-display":"","ast-banner-title-visibility":"","ast-main-header-display":"","ast-hfb-above-header-display":"","ast-hfb-below-header-display":"","ast-hfb-mobile-header-display":"","site-post-title":"disabled","ast-breadcrumbs-content":"","ast-featured-img":"disabled","footer-sml-layout":"","ast-disable-related-posts":"","theme-transparent-header-meta":"default","adv-header-id-meta":"","stick-header-meta":"","header-above-stick-meta":"","header-main-stick-meta":"","header-below-stick-meta":"","astra-migrate-meta-layouts":"default","ast-page-background-enabled":"default","ast-page-background-meta":{"desktop":{"background-color":"var(--ast-global-color-4)","background-image":"","background-repeat":"repeat","background-position":"center center","background-size":"auto","background-attachment":"scroll","background-type":"","background-media":"","overlay-type":"","overlay-color":"","overlay-opacity":"","overlay-gradient":""},"tablet":{"background-color":"","background-image":"","background-repeat":"repeat","background-position":"center center","background-size":"auto","background-attachment":"scroll","background-type":"","background-media":"","overlay-type":"","overlay-color":"","overlay-opacity":"","overlay-gradient":""},"mobile":{"background-color":"","background-image":"","background-repeat":"repeat","background-position":"center center","background-size":"auto","background-attachment":"scroll","background-type":"","background-media":"","overlay-type":"","overlay-color":"","overlay-opacity":"","overlay-gradient":""}},"ast-content-background-meta":{"desktop":{"background-color":"var(--ast-global-color-5)","background-image":"","background-repeat":"repeat","background-position":"center center","background-size":"auto","background-attachment":"scroll","background-type":"","background-media":"","overlay-type":"","overlay-color":"","overlay-opacity":"","overlay-gradient":""},"tablet":{"background-color":"var(--ast-global-color-5)","background-image":"","background-repeat":"repeat","background-position":"center center","background-size":"auto","background-attachment":"scroll","background-type":"","background-media":"","overlay-type":"","overlay-color":"","overlay-opacity":"","overlay-gradient":""},"mobile":{"background-color":"var(--ast-global-color-5)","background-image":"","background-repeat":"repeat","background-position":"center center","background-size":"auto","background-attachment":"scroll","background-type":"","background-media":"","overlay-type":"","overlay-color":"","overlay-opacity":"","overlay-gradient":""}},"footnotes":""},"class_list":["post-103","page","type-page","status-publish","hentry"],"_links":{"self":[{"href":"https:\/\/museoguiraldes.areco.gob.ar\/index.php\/wp-json\/wp\/v2\/pages\/103","targetHints":{"allow":["GET"]}}],"collection":[{"href":"https:\/\/museoguiraldes.areco.gob.ar\/index.php\/wp-json\/wp\/v2\/pages"}],"about":[{"href":"https:\/\/museoguiraldes.areco.gob.ar\/index.php\/wp-json\/wp\/v2\/types\/page"}],"author":[{"embeddable":true,"href":"https:\/\/museoguiraldes.areco.gob.ar\/index.php\/wp-json\/wp\/v2\/users\/11"}],"replies":[{"embeddable":true,"href":"https:\/\/museoguiraldes.areco.gob.ar\/index.php\/wp-json\/wp\/v2\/comments?post=103"}],"version-history":[{"count":11,"href":"https:\/\/museoguiraldes.areco.gob.ar\/index.php\/wp-json\/wp\/v2\/pages\/103\/revisions"}],"predecessor-version":[{"id":503,"href":"https:\/\/museoguiraldes.areco.gob.ar\/index.php\/wp-json\/wp\/v2\/pages\/103\/revisions\/503"}],"wp:attachment":[{"href":"https:\/\/museoguiraldes.areco.gob.ar\/index.php\/wp-json\/wp\/v2\/media?parent=103"}],"curies":[{"name":"wp","href":"https:\/\/api.w.org\/{rel}","templated":true}]}}

Monumentos históricos de la Nación

<div data-elementor-type="wp-page" data-elementor-id="103" class="elementor elementor-103">
						<section class="elementor-section elementor-top-section elementor-element elementor-element-c79fd6e elementor-section-boxed elementor-section-height-default elementor-section-height-default" data-id="c79fd6e" data-element_type="section" data-e-type="section">
						<div class="elementor-container elementor-column-gap-default">
					<div class="elementor-column elementor-col-50 elementor-top-column elementor-element elementor-element-8cafa4c" data-id="8cafa4c" data-element_type="column" data-e-type="column">
			<div class="elementor-widget-wrap elementor-element-populated">
						<div class="elementor-element elementor-element-050c542 elementor-widget elementor-widget-text-editor" data-id="050c542" data-element_type="widget" data-e-type="widget" data-widget_type="text-editor.default">
				<div class="elementor-widget-container">
									<p>En el <em>Parque Criollo</em> se encuentran dos Monumentos Históricos de la Nación (MHN), un privilegio que muy pocos lugares tienen en tan reducido espacio. Ellos son:</p><ul><li>La pulpería <em>La Blanqueada</em> y El Museo Gauchesco <em>Ricardo Güiraldes</em>:De acuerdo al dictamen de la <em>Comisión Nacional de Monumentos, de Lugares y de Bienes Históricos</em>, ambos constituyen testimonio del pasado pampeano y sus protagonistas. Estos emblemáticos lugares fueron declaradas MHN por Decreto de Presidencia de la Nación N° 1305/99 del día 10 de noviembre de 1999, junto a otros cuatro hitos de San Antonio de Areco.</li></ul><p><a href="https://www.argentina.gob.ar/normativa/nacional/decreto-1305-1999-61022/texto">https://www.argentina.gob.ar/normativa/nacional/decreto-1305-1999-61022/texto</a></p><p><strong style="font-size: 13px;">Origen del museo: </strong><span style="font-size: 13px;">La creación de museo se apoya en tres hitos puntuales:</span></p><ul><li>En 1926, Ricardo Güiraldes público su obra cumbre <em>Don Segundo Sombra.</em></li><li>En octubre de 1927, falleció en Paris y en noviembre llegaron sus restos a San Antonio de Areco siendo su féretro acompañado por centenares de paisanos a caballo.</li></ul>								</div>
				</div>
					</div>
		</div>
				<div class="elementor-column elementor-col-50 elementor-top-column elementor-element elementor-element-9ed8e7a" data-id="9ed8e7a" data-element_type="column" data-e-type="column">
			<div class="elementor-widget-wrap elementor-element-populated">
						<div class="elementor-element elementor-element-0d26912 elementor-widget elementor-widget-text-editor" data-id="0d26912" data-element_type="widget" data-e-type="widget" data-widget_type="text-editor.default">
				<div class="elementor-widget-container">
									<ul><li>En diciembre de 1936 a instancias del Intendente de Areco, José Güiraldes (hermano del escritor) se realizó una exposición de carácter tradicional en el edificio de la Municipalidad (hoy Concejo Deliberante). Con entrada gratuita y la organización de diferentes actividades se desarrolló un evento de amplia concurrencia. El acceso a la muestra de textiles, sogas, platería, bronces y mobiliario significó para gran parte del pueblo una experiencia fuera de lo habitual. El anuncio de la creación de una escuela de telares, potenció la repercusión de la exposición en la sociedad. La visita de numerosos ciudadanos de Buenos Aires, contó con la presencia de destacadas personalidades de la época, quienes no ahorraron elogios por el autor de <em>Don Segundo Sombra</em>.</li></ul><p>La suma de estos elementos dio pie al inicio de gestiones que concluiría dos años más tarde con la inauguración del <em>Museo Gauchesco Ricardo Güiraldes </em>el 16 de octubre de 1938.</p>								</div>
				</div>
					</div>
		</div>
					</div>
		</section>
				</div>

<p>En el Parque Criollo se encuentran dos Monumentos Históricos de la Nación (MHN), un privilegio que muy pocos lugares tienen en tan reducido espacio. Ellos son: La pulpería La Blanqueada y El Museo Gauchesco Ricardo Güiraldes:De acuerdo al dictamen de la Comisión Nacional de Monumentos, de Lugares y de Bienes Históricos, ambos constituyen testimonio del [&hellip;]</p>
